e the greatest common divisor of 53 and z.
53
Suppose 2*x = 0, 10*x - 8*x + 105 = 3*d. What is the highest common divisor of d and 70?
35
Let b = 129 + -78. Calculate the highest common divisor of b and 34.
17
Suppose 0 = 13*h - 33 - 6. Suppose 2*r + h*m - 468 = 246, -2*r + 3*m + 726 = 0. What is the greatest common divisor of 40 and r?
40
Suppose 0 = 3*y - t + 11, 0 = 5*y - 5*t + 5 + 30. Let z = y + 9. What is the greatest common divisor of 56 and z?
7
Let m = -16 + 30. Let n(g) = -g - 2. Let w be n(-6). Suppose 32 = w*h + 4. Calculate the highest common factor of h and m.
7
Suppose -2*i = -3*i + 2. Suppose 0 = 5*s - i*d - 36, 0 = 2*s - s + 3*d - 14. Let h = 12 - s. What is the greatest common divisor of 4 and h?
4
Suppose 1882*d - 1881*d - 160 = 0. Calculate the highest common factor of 64 and d.
32
Let r be (-124)/155*10/(-4)*9. Calculate the highest common divisor of r and 102.
6
Let u(w) = -3*w**3 - w. Let x be u(-2). Calculate the greatest common factor of x and 26.
26
Let d be 0*-5*(-2)/30. Suppose d = 9*x - 8*x - 6. What is the highest common divisor of 48 and x?
6
Let a = -2 - -2. Suppose 0 = 3*p - 5*y - 63, p - 4*y = 21 - a. Suppose r + 35 = 6*r. What is the greatest common factor of p and r?
7
Suppose -4*h + 706 + 518 = 0. What is the highest common factor of h and 68?
34
Let m(n) = -n**3 - 12*n**2 - 24*n - 32. Let z be m(-10). What is the highest common divisor of 128 and z?
8
Let u(y) = 20*y + 96. Let p be u(5). Calculate the highest common divisor of p and 49.
49
Let y = -751 + 3479. What is the greatest common factor of 44 and y?
44
Suppose 138 = 13*t - 538. Calculate the highest common factor of t and 494.
26
Let f = -48 - -52. Suppose -160 = -f*s + 2*t - 10, -3*s - 2*t + 95 = 0. Calculate the greatest common divisor of 5 and s.
5
Suppose -k + 3 = -2. Suppose k*z = 47 + 148. Suppose 23 = -d + 49. What is the greatest common divisor of d and z?
13
Let n be (-8 + 6)*9/(-2). Suppose b = -4*b - 3*h + 31, 0 = -3*h - n. Calculate the highest common divisor of b and 64.
8
Let z(b) = -b**2 - 9*b - 8. Let r be z(-6). Let o be (-42)/(-70) - (-214)/r. Let j be 1 + (46/1 - 3). What is the greatest common divisor of o and j?
22
Suppose 34*m - 2951 - 721 = 0. What is the highest common divisor of m and 9?
9
Let o be ((-6)/(-9) - 1)*-96. Let w(x) = x**2 + 11*x + 8. Let f be w(-11). Calculate the highest common factor of f and o.
8
Suppose -5*l - 10 = -25. Let u(q) = 28*q - 12. Let z be u(l). Calculate the greatest common factor of z and 8.
8
Let j be 72/(-20) + 4 - (-573)/5. Calculate the greatest common factor of 5 and j.
5
Let z(y) = 15*y + 7. Let t be z(6). Suppose o = 2*h - 49, -4*h + o + t = -0*h. Calculate the greatest common factor of h and 36.
12
Let h = 22 - -41. Suppose -4*o - 2*l = 334, -4*o = -0*o + 5*l + 337. Let s be (-14)/63 + o/(-9). Calculate the greatest common divisor of s and h.
9
Let t be -174*1/(-6)*2. What is the highest common divisor of t and 290?
58
Let o = 97 + 281. Calculate the greatest common factor of 54 and o.
54
Let m(p) = -125*p**3. Let n be m(-1). Suppose 5*t + n = -5*d, -5*t + 0*d - 80 = -4*d. Let b = 84 - t. Calculate the greatest common factor of 26 and b.
26
Suppose 0 = -2*h + 3*c + 204, -3*c + 529 = 5*h - c. Suppose -21 - h = -3*w. What is the highest common factor of 6 and w?
6
Let c = 5 + -5. Suppose c = 5*z - 95 - 145. Suppose 0 = 3*x - 2*b - 72, -3*b = -5*x + 3*x + z. What is the highest common factor of x and 4?
4
Let j be (-35)/(-14)*(-124)/(-5). Let x = 111 - 18. Calculate the greatest common divisor of j and x.
31
Suppose 5*d + 5*k - 35 = 0, 0 = 3*d + 2*k - 18. Suppose -5*v = -d*s + 17, 0 = -7*v + 2*v - 5. What is the greatest common factor of s and 15?
3
Let j = 537 + -254. Let q = -184 + j. What is the highest common factor of 9 and q?
9
Suppose 159 = 4*u - 3*m, -3*u + 30*m + 129 = 31*m. Let s(f) = -f**2 - 14*f + 11. Let b be s(-9). Calculate the highest common divisor of b and u.
14
Suppose u = 3, -7*k + 2*k - 50 = -5*u. Let b be 12*((-60)/k)/((-18)/(-28)). Calculate the highest common factor of b and 10.
10
Let x(c) = -c**2 - 9*c - 13. Let b = 9 - 15. Let i be x(b). Let k be i + 0 + 1 + -4. Calculate the greatest common factor of k and 10.
2
Suppose n - 1307 = -5*d, -2*d + 251 = -d - 5*n. Let p(l) = -13*l + 3. Let t be p(-2). What is the greatest common factor of t and d?
29
Let i(o) = 189*o + 6. Let l(y) = 27*y + 1. Let u(d) = -4*i(d) + 27*l(d). Let x be u(-1). Calculate the greatest common divisor of x and 105.
15
Let g(h) = 6*h + 239. Let f be g(-14). What is the greatest common factor of 248 and f?
31
Let r be (504/234)/((-2)/(-13)). Calculate the highest common divisor of 32 and r.
2
Let r(g) = 5*g**2 - 8*g - 1. Let c be r(4). Calculate the greatest common divisor of 470 and c.
47
Let v be (1 + 0 + -2)*11. Let l = v + 11. Suppose a + 3*f + 8 = l, 5*a - 55 = -2*f + 6*f. What is the highest common divisor of 21 and a?
7
Suppose -480 = -7*d + 2*d. Suppose 0 = -34*g + 30*g + d. What is the greatest common factor of 8 and g?
8
Suppose -2*b + 58 = 3*b - 2*t, 0 = b + 2*t - 2. Let y = 15 - -65. What is the highest common factor of y and b?
10
Let j = 87 + -59. Let u = j + -23. What is the highest common divisor of u and 35?
5
Suppose 3328 = -10*o + 18*o. Calculate the highest common divisor of o and 52.
52
Let t = 43 + 149. Suppose 9*b = b + t. Calculate the greatest common factor of 192 and b.
24
Let m = -70 - -91. Calculate the greatest common divisor of 63 and m.
21
Suppose -3*g - 15 = 2*g. Let i be ((-4)/g - -2)*18. Let t be 9/15 + (-702)/(-30). Calculate the greatest common factor of i and t.
12
Suppose 8*k + 2*y + 139 = 9*k, 4*k - 596 = -2*y. What is the greatest common factor of 63 and k?
21
Suppose b = 5*x - 15, 2*x + 3*x = 4*b + 15. Suppose x*a - 126 = -4*f, -2*f = 2*a - 3*f - 84. What is the highest common divisor of a and 105?
21
Let f = -32 - -56. Let w(x) = -23*x - 113. Let q be w(-7). Calculate the greatest common factor of f and q.
24
Let s(k) = k**2 - 5*k - 16. Suppose 8*j = 9*j + 8. Let u be s(j). Calculate the highest common factor of 8 and u.
8
Let k = -243 + 264. Calculate the greatest common factor of k and 28.
7
Suppose j + 557 = 3*c, -c + 3*j - 11 = -194. Calculate the highest common divisor of 310 and c.
62
Suppose 48*n - 36*n - 1512 = 0. Let a = 38 - 24. Calculate the highest common factor of a and n.
14
Let a(f) = 8*f + 2 + 6 + 14*f. Let t be a(4). What is the greatest common divisor of 12 and t?
12
Suppose -s = -4*s - 30. Let f = 0 - s. Let p = 254 - 144. Calculate the highest common divisor of f and p.
10
Suppose 276 + 134 = l. Suppose w + 14 = l. What is the highest common divisor of w and 44?
44
Suppose 0 = -23*p + 2260 + 1604. What is the highest common divisor of p and 126?
42
Suppose -34 = -g - 2*i, g - 5*g - 5*i + 145 = 0. Suppose 2*d - g = -16. Suppose -4*o = -92 + d. Calculate the greatest common factor of o and 4.
4
Let d(z) = 5*z**2 - 2*z + 1. Let p be d(1). Let t(c) = 2*c**2 - 3*c - 13. Let w be t(-6). Let q = -75 + w. What is the greatest common factor of q and p?
2
Suppose 8*w + 418 = -3*w. Let x = w - -49. Calculate the highest common factor of 88 and x.
11
Suppose -3*i + 126 = 3*s, s + 3*i = -0*i + 50. Calculate the greatest common divisor of 190 and s.
38
Let o(l) = l**3 + 9*l**2 - 2*l + 9. Let m be o(-9). Let x be ((-9)/2)/(371/126 + -3). What is the greatest common factor of x and m?
27
Let r = -35 - -81. Suppose 2*j - 129 = -3*a, -3*j + 5*a - 54 = -4*j. What is the greatest common divisor of r and j?
23
Suppose -37*j = -40*j + 216. Let b = j + -16. Let h be -1*(1 + -2)*14. Calculate the greatest common factor of h and b.
14
Let x = 13 + -10. Suppose 3 = 4*y - x*y. Suppose p - 123 = -4*t - 0*p, 0 = p - y. What is the greatest common factor of 30 and t?
30
Let h = 12 + -8. Let j be -9*h/(-12) - (-102 - 0). What is the greatest common divisor of j and 15?
15
Suppose 4 + 0 = l. Suppose z - 30 = -l*z. Let b = 19 + 5. Calculate the greatest common factor of b and z.
6
Let z be (-150)/(-45)*6/(-4) + 40. Calculate the greatest common divisor of z and 35.
35
Let m = -1 - -8. Let b = 4 - m. Let t be (-3 - -10) + 3/b. Calculate the greatest common factor of t and 6.
6
Let h = 291 - 271. Calculate the highest common factor of h and 110.
10
Suppose 5*c - 1